t v(f) = 3*f + 33. Let b be v(-13). Let j(m) be the third derivative of m**5/60 + m**4/6 - 7*m**3/6 - 4*m**2 + 38*m. Calculate j(b).
5
Let i(a) = -5*a**2 + 6*a + 1589 + a**3 + 1578 - 3168. Determine i(4).
7
Suppose -5*m + 0*j = -3*j - 4, 4*m - 14 = -3*j. Let q(p) = -147*p**m + 3*p**3 - 142*p**2 - 4*p**3 - 2*p + 293*p**2 + 5. What is q(4)?
-3
Let z(u) = 3*u**2 + 3*u + 1. Suppose f + 4 = 2. Let d be z(f). Let s(p) = -12*p + 6*p + 0 + 2 + d*p. Give s(-5).
-3
Let q(m) = m**3 + 32*m**2 + 217*m - 29. Let k be q(-10). Let n(d) = 8*d**3 - d**2 + 8*d - 7. What is n(k)?
8
Let x(q) be the third derivative of 2*q**2 + 3 + 0*q - 1/12*q**4 - 5/3*q**3. Determine x(-8).
6
Suppose -30*k + 2*k = -3*k + 100. Let p(j) = -9*j - 1. Let c(l) = -10*l - 2. Let a(g) = 4*c(g) - 5*p(g). Give a(k).
-23
Let l(n) = -n**3 + 4*n**2 + 4*n - 6. Let o(c) = -5*c**2 - 5*c + 7. Let j = -55 + 40. Let v be (2/(-3))/((-2)/j). Let t(s) = v*o(s) - 6*l(s). What is t(-1)?
-5
Let u(j) = j**2 - j + 16 - 3 + 24. What is u(0)?
37
Let a(p) = -p**3 + 4*p**2 + 12*p + 167. Let t be a(8). Let y(k) = -5*k + 13. Calculate y(t).
-22
Suppose 4*k = 5*o - 7, 4*o + 10 = -3*k + k. Suppose -5*p - 5*x + 4 = -1, -2*x - 2 = 0. Let r(a) = -8 - 8 - a**p + 15. Give r(o).
-2
Let n(u) be the first derivative of u**5/20 - u**4/3 - 5*u**3/6 - 2*u**2 + 172*u - 8. Let x(m) be the first derivative of n(m). Give x(5).
-4
Let s(j) = 7*j**2 + 17*j + 2. Let x be s(-3). Let p(b) = b**3 - 14*b**2 - b + 6. Calculate p(x).
-8
Suppose -7*g - 3*g + 90 = 0. Let b be (52/g - 1) + (-174)/(-783). Let u(w) = -w**2 + 7*w - 5. Give u(b).
5
Let y(m) = -8*m + 25. Let l be ((-275)/(-110))/(3/(-2) + 2). Calculate y(l).
-15
Suppose 5*i + 135 = -5*x, 17 = -5*i - 8. Let b be x - -24 - 32/(-2). Suppose 21 = -3*d + 5*t, 8*d + b = 5*d + 4*t. Let y(q) = -5*q**2 - 2. Calculate y(d).
-22
Let d be 6/((-18)/(-4)*3/9). Suppose -2*f - d = 3*k - f, -7 = 5*k + 2*f. Let w(o) = 5*o**3 + 2*o**2 - 1. Give w(k).
-4
Let s(h) be the second derivative of h**3/2 + 3*h**2 + 9*h + 4. Let i(m) = 6*m + 13. Let d(w) = 2*i(w) - 5*s(w). Determine d(-4).
8
Suppose 7290 = 74*j - 1216*j - 2766 - 222. Let x(s) be the second derivative of s**4/12 + 5*s**3/3 - s**2/2 - s. Determine x(j).
-10
Let k(p) = 3*p**2 - p - 1. Let j(i) = 2*i**3 - 6*i**2 - 2*i + 5. Let l(c) = -j(c) - 2*k(c). Calculate l(1).
-1
Let n(j) = j**3 - 22*j**2 + 22*j + 6. Let w be 8/12 + (0 - (-305)/15). Determine n(w).
27
Let a(b) = 4143 + 8*b - 8295 + 4130. What is a(1)?
-14
Let a(o) = 4*o**3 + 10*o**2 - 24*o. Let s(t) = t**3 + t**2 - 4*t - 1. Let h(u) = -a(u) + 5*s(u). What is h(4)?
-5
Suppose 9 = -4*s - 5*h - 0*h, 2*h + 10 = 0. Let b(n) = -2 + 0 - n + 0. What is b(s)?
-6
Let g(m) be the second derivative of -1/6*m**3 + 0*m**2 - 2*m + 11. Determine g(4).
-4
Let l(c) = c**3 - 2*c**2 + 2*c - 3. Let u be l(2). Let p(j) = -988*j + 2. Let x(f) = 824*f - 2. Let n(t) = -5*p(t) - 6*x(t). What is n(u)?
-2
Let t = -3776 + 3789. Suppose -2*f = -0*f - 14. Let v(y) = t + y - f - 1 - 1. What is v(-5)?
-1
Let x(k) = -5*k**2 + 9*k + 12. Let v(y) = -y**2 - y. Let s(u) = 6*v(u) - x(u). Let a be s(-14). Let d be -1*a - (-39)/13. Let r(p) = -6*p**2 + p. Give r(d).
-5
Let j be 2/9 - 4/((-36)/25). Let n(d) = -6*d**j + 3*d**2 + 3*d - 6*d + 0*d**2 - 7*d**3 + 14*d**3. Give n(-4).
-4
Suppose 3*w - 42 = y, -37*w = -32*w + 2*y - 48. Let o(j) = j**2 - 10*j - 22. What is o(w)?
2
Let m be 1470/(-35)*6/(-42). Let v(i) = 2*i**2 - 6*i + 2. Calculate v(m).
38
Let g = 855 + -850. Let r(l) be the second derivative of -2/3*l**3 + 1/20*l**g - 1/12*l**4 + 0*l**2 - 30*l + 0. Give r(3).
6
Let b(i) = 2*i + 2. Let a(p) = -p. Let x(y) = 3*a(y) + b(y). Let w(v) = v**2 - 695*v - 696. Let o be w(-1). Give x(o).
2
Let u(f) = f**3 - 16*f - 2. Let l = 97 - -9. Let w = -110 + l. Let o be u(w). Let n(j) = j. Give n(o).
-2
Let d(b) = 29 + 4*b - 12 - 14 - 6 - b**2 + 0*b**2. Let g be ((-14)/(-35))/((-1)/(-10)). Suppose 6*a - g = 5*a. Give d(a).
-3
Let p(c) = 9*c**2 + 5*c - 3. Let a(f) be the first derivative of f**3 + f**2 - f + 40. Let w(k) = 7*a(k) - 2*p(k). Calculate w(3).
38
Let w(n) = 7*n**3 + 7*n**2 + 11*n + 10. Let c(b) be the first derivative of -3/2*b**4 - 7/3*b**3 - 5*b**2 + 31 - 9*b. Let m(g) = 6*c(g) + 5*w(g). Give m(-6).
-10
Let m(z) = z**3 - 8*z**2 + 0*z**2 + 5*z + 1 + z**2. Let d = 3636 + -3630. What is m(d)?
-5
Let f(g) be the third derivative of -g**5/30 - g**4/6 + 5*g**3/6 + g**2. Let l(v) = 4*v. Let s = 76 + -77. Let i be l(s). Determine f(i).
-11
Let t(g) = -2*g - 30. Suppose -3*j - 42 = -3*d, 3*j + 30 = -4*d - 26. Let i be t(j). Let w(x) = x + 5*x**i + 9 - 4*x**2 - 12. Calculate w(-3).
3
Let j(y) = -y**3 + 4*y**2 + y - 1. Let g be j(3). Suppose -49 - 50 = -g*r. Let u(c) = c**2 - 8*c - 12. What is u(r)?
-3
Let o be ((-30)/50)/(4/(-20)). Let i be (6 - 9)/((-6)/4). Let h(a) = 2*a + 8*a - 8*a - 3*a**i - 2 + 1. Give h(o).
-22
Let p(l) = -l**2 + 10*l + 1. Let u be p(9). Let i(d) = 15 + 2*d + d**2 - 8 - u. Let n(s) = -2*s**2 + s - 2. Let q be n(1). Calculate i(q).
0
Let i = 9134 - 9135. Let x(y) = 40*y**2 - y - 2. What is x(i)?
39
Let u(j) = j**2 - j + 15. Let c = 19 + -16. Suppose -6*p = c*p. Calculate u(p).
15
Let d(x) be the second derivative of -1 + 7*x**2 - 1/6*x**3 + 13*x. Calculate d(0).
14
Let z(n) be the first derivative of 1/12*n**4 + 0*n - 1/40*n**5 + 0*n**2 + 1/360*n**6 + 20/3*n**3 + 13. Let x(d) be the third derivative of z(d). Give x(6).
20
Let v(l) = 5*l - 3. Let c be 21/14 + (-2)/(-4). Let w = c + 10. Let d be (-14 + w)*(-2)/2. Give v(d).
7
Let z(s) = -2*s**2 + 6*s + 4. Let n(x) = x**2 + x + 1. Let d(q) = -3*n(q) - z(q). Let t = -61 - -66. Suppose 40 = -5*b - t. Determine d(b).
-7
Let y be 1*0/(9/3). Suppose 4*u + y*u = 108. Let h(o) = 10 - 16*o + 44*o - u*o. Calculate h(-8).
2
Let i(t) = -t**2 + 62*t + 131. Let l be i(64). Let b(u) = -24*u + 33. What is b(l)?
-39
Let w(r) = 53*r**2 - 13*r + 8. Let q(u) = 53*u**2 - 15*u + 9. Let i(l) = -4*q(l) + 5*w(l). What is i(1)?
52
Suppose 0*v + 40 = 4*v. Let u(a) = a**2 - 2*a + 1. Let f(m) = -m**2 - 4*m - 16. Let z(n) = -f(n) - 2*u(n). What is z(v)?
-6
Suppose 8*r + 13 = 133. Suppose -r = -2*d + 3. Let w(p) = -p**2 + 7*p + 9. Give w(d).
-9
Let g be ((-3724)/(-8379))/((-1)/27). Let d(q) = -q + 50. Calculate d(g).
62
Let s(p) = -5*p**2 - 51*p + 20. Let d(o) = -o**2 - 10*o + 4. Let w(a) = -11*d(a) + 2*s(a). Suppose -189*t - 69*t = -63*t + 2145. Determine w(t).
29
Suppose -1027 = 482*c - 1700 - 1737. Let v(o) = -2*o - 1. Calculate v(c).
-11
Let l(j) = -j**2 - j. Let u be (-1*(-6)/(-5))/(4/(-190)). Suppose 2*m + 25 + u = 0. Let f = m + 38. Give l(f).
-6
Let w(p) = 4622 + 5*p + 4687 + p - 9157 + p**3 + 25*p**2. Calculate w(-25).
2
Let w be 9/(-7) + (-4)/(-14). Let x(p) = -651447*p + 1 + 1302886*p - 651443*p. What is x(w)?
5
Let n = 16 + 1. Let f(z) = 0*z**3 + 1 - n*z - 4*z**2 - z**3 + 16*z. Let p = 191 + -195. What is f(p)?
5
Let u(b) = -b**3 - 8*b**2 - 4*b + 35. Let t be (-76)/57 + (-310)/(-255) - (-100)/(-17). Give u(t).
-13
Let z(x) = -30 + 11*x + 4*x**2 + 1 - 3*x**2 + 0 - 18. Calculate z(4).
13
Let i(v) = -9*v**3 + v + 6. Let r(q) = -11*q**3 - q**2 + 2*q + 6. Suppose 8*c = 10*c - 10. Let k(l) = c*i(l) - 4*r(l). Determine k(4).
-6
Let s = -900 - -902. Let w(u) = u**2 - 2. Calculate w(s).
2
Let d(v) = -v**2 - 29*v + 175. Let n be d(-34). Suppose 2*h + 15 = n*s + 5*h, -3*h = -15. Let y(i) = 17 + i**3 - 2*i + 2*i. Give y(s).
17
Suppose -75*u = -81*u + 12. Let b(f) = 0*f + 6*f + 4 + 0*f - u*f. Determine b(-5).
-16
Let o(i) = i**2 - 11*i + 11. Suppose 3*k - 6 = 0, -k = 2*c - 15 + 1. Let l be (-28)/(-4) + (-3)/(c/(-4)). Determine o(l).
-7
Let g = 1229 - 1224. Suppose -c - 4*r = -10, 2*c - 10 - 3 = -r. Let t(o) = c*o + 34*o**2 + 0 - 35*o**2 + 0. What is t(g)?
5
Let k(v) = 7 + 149*v**3 + 2*v - 4*v**2 + 0*v**2 - 4 + 0 - 150*v**3. Give k(-4).
-5
Let i(o) = 12*o**2 + 4*o - 4. Suppose 0 = -5*q + h - 2, -599*h + 595*h = -3*q - 25. Calculate i(q).
12
Let d(i) = -i**2 - 5*i - 2. Let g be (8 + -63)*(1 - -1 - 1). Let z = g + 55. Suppose 9*c + 37 + 17 = z. Determine d(c).
-8
Let r(w) = 1474*w - 92 + 1468*w + 1468*w + 22 - 4405*w. What is r(18)?
20
Let x be (12/6 + -3)*(-2 + 7). Let a(y) = y**2 + 9*y - 6. Let f(z) = z. Let o(k) = a(k) - 6*f(k). Calculate o(x).
4
Let s(z) = 22*z - 191 + 4*z + 373 - 181. Let r =